be the third derivative of q**5/5 - 5*q**4/24 + q**3 - q**2. Suppose 3*b - 11 = -2*k, k + 9*b - 7*b - 6 = 0. Is j(k) a prime number?
False
Suppose 4985969 = 121*y - 6414530. Is y a prime number?
True
Suppose -27*a - 6320 = -28919. Let l = a - -924. Is l prime?
False
Suppose -63 - 17 = -20*m. Suppose 0*j = m*j - 5636. Is j a composite number?
False
Suppose 4*l - 28608 = 4*u, -33*u - 14309 = -2*l - 30*u. Is l composite?
True
Let w(j) be the third derivative of -j**6/60 - j**5/5 + 9*j**4/8 + 10*j**3/3 + 27*j**2. Is w(-21) a composite number?
True
Let m = -225027 - -381844. Is m a prime number?
True
Let q = -99 + 89. Let k(x) = -383*x - 13. Is k(q) composite?
True
Let l(v) = 97*v**2 + 28*v + 385. Is l(-12) a prime number?
False
Let s be ((-125925)/50)/((-6)/8). Let f = s + 1195. Is f prime?
False
Let o be (-2664)/(-1221) + 2*(-1)/11. Is 8/o + 1 + -4 + 5892 a composite number?
True
Suppose -10*r + 4*r = -24. Suppose -r*k + 2877 = -16463. Is k a composite number?
True
Suppose 5*j = 4*j - 17. Let c be 5*1 + (-20 - j). Suppose 5*v + 6*u - 1850 = 3*u, -c*v = -3*u - 761. Is v prime?
True
Suppose -15*t = 23*t + 9120. Let m = -17 + 28. Let a = m - t. Is a prime?
True
Suppose -1782*a = -1778*a - 143236. Is a a composite number?
False
Suppose -x + 1 + 3 = 0. Is ((-16)/12)/(x/(-2118) + 0) a composite number?
True
Let r(l) = -49*l**3 + 14*l**2 + 5*l + 29. Is r(-11) composite?
True
Let s be (6 - 20/(-30))*2154*1. Suppose 7*n = s - 4833. Is n composite?
False
Suppose -9*g = 8805 - 25176. Suppose -4*c = 2*z + z - g, 5*c - 2265 = -2*z. Is c a composite number?
True
Let a = 5 + 4. Suppose a*f - 2592 = 7*f. Suppose 9*r - f = 711. Is r a composite number?
False
Let v(m) = 2594*m + 1823. Is v(42) composite?
False
Suppose -157686 = -150*y + 147*y. Suppose -16672 = 10*k - y. Is k composite?
True
Let r = 230322 - 164455. Is r composite?
False
Let z(d) = 1828*d**2 - 55*d + 576. Is z(11) prime?
True
Suppose 16 = 3*q - 8. Is -1 + 15/20 - (-50506)/q composite?
True
Let s(c) = 16*c**2 - 14*c + 39. Let p(x) = -6*x**2 + 5*x - 13. Let d(a) = -17*p(a) - 6*s(a). Is d(-10) a prime number?
False
Suppose -113*l + 111*l + 2 = 0. Let q(s) = 11598*s**2 - 9*s + 8. Is q(l) a composite number?
False
Suppose f = -0*f - 4*b, -3 = 3*b. Suppose -36 = -3*i + o - f*o, 5*i + 4*o - 58 = 0. Is 3 - (i/(-2))/(2/1340) prime?
False
Let u = 16137 + -2482. Suppose f + w - 17718 = -4071, u = f - 3*w. Is f a composite number?
False
Suppose -21*i - 50757 = 275184. Let h = i + 23128. Is h composite?
False
Let x(g) be the first derivative of 13/3*g**3 + 1/4*g**4 + 11*g + 15/2*g**2 - 16. Is x(-8) a composite number?
False
Let p(o) = 9*o**3 + 32*o**2 - 165*o + 65. Is p(18) a composite number?
False
Is (-4)/16*(-32)/(-12) + (-309923)/(-3) a composite number?
False
Let n = -49604 - -100231. Is n prime?
True
Let c = 362304 - 10123. Is c composite?
False
Suppose -30*s + 31754464 = 116*s + 78*s. Is s a prime number?
True
Let o(v) be the first derivative of -13*v**2 + 7*v + 10. Let g be o(-6). Suppose 2*m - g = -25. Is m a prime number?
False
Let t = -39 - -42. Suppose -4*p - 6*i + 13392 = -2*i, 0 = 5*p - t*i - 16764. Is p composite?
True
Let c(a) = 782*a - 6. Let u(x) be the first derivative of 781*x**2/2 - 5*x + 17. Let n(y) = 2*c(y) - 3*u(y). Is n(-2) prime?
False
Let c be (1/3)/(17/153). Let a be ((-39)/(-9))/(c/4419). Suppose -4*j - 259 = -a. Is j a prime number?
True
Let w(r) = -1490*r**2 + 4*r - 5. Let z be w(2). Let n = 461 - z. Is n a prime number?
False
Let x(n) = 1560*n + 1109. Is x(8) a composite number?
True
Is (1 + (2 - 0))/((-16)/64416720*-45) a composite number?
False
Let n = -72842 + 50568. Let y = -10193 - n. Is y prime?
False
Let q(x) = -x**3 - 31*x**2 + 19. Let p be q(-31). Let f(y) = 1036*y + 235. Is f(p) a composite number?
False
Let g(o) = 51*o**2 + 59*o - 207. Is g(-17) a prime number?
False
Let t(j) = 11*j**2 - 397*j + 307. Is t(61) prime?
True
Let x = -29777 - -47022. Is x a prime number?
False
Suppose -13*b + 5*b - 48 = 0. Let k(u) = -9*u**3 - 13*u**2 - 3*u - 17. Is k(b) composite?
True
Let x = -35 + 34. Let y(w) = -2*w**2 - 2*w. Let o be y(x). Suppose o = -3*s - 4*s + 2933. Is s a prime number?
True
Let u(r) = -r**3 + 5*r**2 - 21. Let n be u(3). Is 661137/(-62)*2/n a prime number?
True
Suppose -5*q = -3*k + 52, 0 = -2*q - 5*k + 3*k - 8. Let z be ((-9)/6)/(6/q)*2. Suppose z*y - 4454 = d, -y + 782 = 2*d - 336. Is y composite?
True
Let v be 5/((-30)/(-4))*27. Suppose -3*w + 6 = 0, v = -3*t + 3*w + 3. Is (1 - 4) + 117 + t a prime number?
False
Is (-2 + -7 + 16 - -22478) + -4 a composite number?
False
Suppose 25*v - 60 = -10. Is (15326*2)/v*50/100 a prime number?
False
Let l(f) = f**3 - 19*f**2 + 13*f + 2. Let x(j) = 2*j + 32. Let v be x(-10). Let o be l(v). Is 1/(3/3) - o prime?
False
Is 13 + 2807*(4 - -50) a composite number?
True
Suppose 2*l + 2585 = 2*g - 1157, 4*l - 3772 = -2*g. Let h = g + 1761. Suppose h = x - 0*x. Is x a composite number?
False
Let x be ((-159581)/74)/(2/(-4)). Suppose 0 = -w + 2*i + x, -3*w + 4334 = -2*w + 5*i. Is w a prime number?
False
Suppose 9*w = 4*w + 1200. Suppose -2*s = -4*g - 434, 5*g + w = -5*s - 265. Let t = 415 - g. Is t composite?
False
Suppose 5*f + 30 = 0, 8*b + 2*f = 10*b - 14. Let a be ((-24)/(-10))/((-1)/(-105)). Is (-72)/a - 8899/(-7)*b composite?
True
Let f = 31 - 23. Suppose 9*o = f*o. Let h(c) = -c**3 - c**2 + 2*c + 79. Is h(o) composite?
False
Suppose 0 = c - 12842 - 11106. Let f = -5737 + c. Is f a prime number?
True
Let j(x) = 2609*x + 912. Is j(13) a composite number?
True
Suppose 10955955 = -243*x + 90*x + 39980514. Is x a composite number?
True
Let z(d) = 11*d + 148. Let b be z(-13). Is 233*(-46)/(-10)*b prime?
False
Let w = 26037 - 15210. Suppose -w = -3*j + 4*h, 14467 = 5*j - j + 5*h. Suppose -10*i + 29703 = j. Is i a composite number?
False
Let d(x) = -640*x - 99. Let n(j) = 641*j + 103. Let a(m) = -5*d(m) - 6*n(m). Is a(-31) composite?
True
Let o(n) = 53*n**2 - 39*n + 5. Is o(37) composite?
False
Suppose 4*i - i - 2991 = 0. Let x(h) = 7*h + 230. Let v be x(-10). Let y = i + v. Is y composite?
True
Suppose -6*q - 47 = 73. Is ((-56)/q)/(4/2390) composite?
True
Suppose -85*y = -189026 - 884439. Is y composite?
True
Let b(u) = 205*u**2 - 192*u + 54. Is b(-35) a prime number?
False
Let i be (-3225234)/(-235)*25/2. Suppose -17*k + i = -2*k. Is k prime?
True
Let m(d) = 3*d**2 + d - 2. Let p be m(-5). Let f = -109 - p. Let q = f - -248. Is q a prime number?
True
Let c be -2*((-90)/12 + 6). Is (-1 - 5/(-15)) + 9764/c prime?
False
Let b(k) = 2812*k**2 - 9*k - 67. Is b(-6) a composite number?
True
Suppose 31*x - 192689 = 31534. Let v = x - 2674. Is v a composite number?
True
Suppose 2*y + 108 = -2*c, 8*y = 7*y - 3*c - 60. Is 4 - (5970/18)/(1/y) a prime number?
False
Let o(t) = -t - 12. Let i be o(-11). Let n be i/(7/(-597)) - 32/112. Suppose 6*w = n + 245. Is w a prime number?
False
Let h(i) = 58*i**3 - 4*i**2 - 6*i + 19. Let n(z) = -4*z**2 - 7*z + 1. Let j be n(-1). Is h(j) composite?
False
Let v(f) = -16625*f - 6254. Is v(-5) prime?
True
Let t(c) = -197*c + 18. Suppose z - 20 = -129. Let b = z - -104. Is t(b) a prime number?
False
Let m(u) be the second derivative of 64*u**4/3 + 5*u**3/6 + 6*u**2 - u + 24. Is m(13) prime?
False
Let u = -93539 - -207580. Is u a composite number?
False
Suppose 46361 + 72397 = 9*j - 45285. Is j composite?
True
Let s(p) be the first derivative of -25 - 75/2*p**2 - 52*p. Is s(-15) composite?
True
Let t(c) = -317*c**3 + 244*c**2 + 1006*c + 3. Is t(-4) a composite number?
True
Let j = 90697 - 48210. Is j composite?
False
Let w(y) = -18*y - 9. Let o be w(-2). Let d be (18/o)/((-4)/(-66)). Let u(j) = 375*j + 28. Is u(d) a prime number?
True
Suppose -67*h = -65*h + 4*s - 985962, h + 3*s - 492988 = 0. Is h a composite number?
False
Suppose 0*o - 3*p = -4*o - 19, 0 = -p + 5. Let a be 0*(15/(-3) - (-3 + o)). Suppose 4*g = 5*z + 622 - 4789, a = -4*z - 3*g + 3346. Is z a composite number?
True
Let w be (-31)/(217/42) + -1 + -2. Let h(k) be the third derivative of k**5/15 + k**4/24 + 7*k**3/3 - k**2. Is h(w) a composite number?
True
Suppose -7*y + 1044887 = 373188. Is y a composite number?
False
Suppose -3*j = 0, 96*j = -a + 97*j + 402559. Is a prime?
True
Let m(c) = 1342 - 4*c**3 + 3*c + 9*c - 1334 - 3*c**2. Is m(-5) comp